*y - y + 11, -3*b + 3*y + 3 = 0. Suppose b*u + 192 = 4*u - 4*p, 3*p + 909 = 5*u. Calculate the highest common factor of 20 and u.
20
Suppose -h - h + 2292 = 0. Suppose 0*z - 3*z + 3*l = -h, 4*z = -2*l + 1516. Let n be (-2)/(-6) + z/30. Calculate the greatest common factor of n and 91.
13
Suppose 2*h = -2*b + 304, 104*b + 752 = 5*h + 107*b. What is the highest common factor of 666 and h?
74
Let b(p) = -p**3 + 6*p**2 - p + 6. Let z = 5 - -1. Let y be b(z). Suppose y = -6*c + 170 - 50. Calculate the greatest common factor of 20 and c.
20
Suppose 5*j - 544 = -b, 11*j - 8*j - 5*b - 304 = 0. Calculate the highest common factor of j and 270.
54
Suppose -4*y + t = -13, 0 = y - 2*t - 1 + 3. Suppose -y = -4*p + 36. What is the greatest common divisor of p and 90?
10
Suppose -2*g - g + 171 = 0. What is the highest common factor of 3 and g?
3
Let v = 614 + -624. Let w be (-4)/(-5)*(-5)/(-2). Let l be (w/(-5))/(2/v). What is the greatest common divisor of l and 8?
2
Let q = 121 - 111. Suppose 3*m - 6*m - 2*n = 136, 4*m - n = -174. Let k be (-2)/(-11) - 3952/m. What is the greatest common divisor of k and q?
10
Let j(y) = 6*y + 1. Let r be j(1). Let b = -616 - -735. What is the highest common factor of b and r?
7
Let l(g) = -5*g + 17*g - 4*g - 5*g. Let q be l(6). Calculate the highest common factor of 2 and q.
2
Suppose -51 = -6*z - 9. Suppose z*t - 9 = 26. What is the greatest common factor of t and 15?
5
Let g = 72 - -42. What is the highest common divisor of 76 and g?
38
Let s(n) = -5*n**2 + 6*n + 7. Let r(c) = -c**2 - c + 1. Let b(j) = -4*r(j) + s(j). Let u be b(9). Calculate the highest common factor of u and 9.
3
Suppose -20*z - 3 = -403. Calculate the greatest common divisor of z and 1940.
20
Let b(h) = -h**3 + 32*h - 8. Let n be b(-6). Calculate the greatest common divisor of n and 152.
8
Let v be ((-20)/6 + 2)/(76/(-2394)). What is the highest common divisor of v and 147?
21
Let u(p) = -p**2 + 7*p. Let l be u(2). Suppose -6*r = -r - 2070. Let y be r/99 - 4/22. What is the greatest common divisor of l and y?
2
Suppose -f = 5*h - 125, 3*h = 4*f + 74 + 24. Calculate the greatest common factor of 91 and h.
13
Suppose -21 = -3*s - 3*v, -2*v + 3 - 31 = -5*s. Suppose -s*o - 80 = -8*o. What is the highest common factor of 20 and o?
20
Let n be (16/6)/((-24)/36). Let t = 68 + n. Let x be 16/(-5)*(-5)/2. Calculate the greatest common factor of t and x.
8
Let a = 23 + -9. Let g be a + 3 + (-9)/3. Let o be (-10)/4*(-126)/15. What is the highest common factor of o and g?
7
Let h be ((-6)/5 - 2)/(2/(-25)). Suppose 0 = 6*k - 470 - 490. What is the greatest common divisor of h and k?
40
Let o = 31 + -26. Suppose -99 = -o*a + 31. Suppose -2*t + 133 = -r, -3*t + 0*t + 3*r + 204 = 0. What is the highest common divisor of t and a?
13
Let c = 9 - -17. Let o = -1333 - -1346. What is the greatest common factor of c and o?
13
Let y = -65 - -119. Suppose -4*u + u = -y. Calculate the highest common divisor of 9 and u.
9
Suppose -3*z = -2*w - 2*w - 11, 3 = -3*z - 3*w. What is the greatest common factor of z and 8?
1
Suppose 1 = 5*q - 19. Suppose 6*f + 32 = 8*f + 5*i, 2*i + 48 = 3*f. What is the greatest common factor of f and q?
4
Let b = -1 - -9. Let p be 8/20*(1 + (2 - -2)). Suppose -p*n = 4*k - b, -n + 3*k = -6*n + 20. What is the highest common factor of 24 and n?
4
Let i be (3 + 3)*7 - -3. Let m = i + -36. What is the highest common factor of m and 72?
9
Let y be (2 - 3)*-1*35. Let n be 8/14 - (-260)/y. Let i(v) = v + 40. Let f be i(0). Calculate the highest common divisor of f and n.
8
Suppose -164*m + 165*m - 5 = 0. Let h be (-29 - -13)*m/(-4). Calculate the greatest common divisor of 10 and h.
10
Let d = 56 + 9. Let f = 11 - -41. What is the greatest common factor of f and d?
13
Let l = 8 + -25. Let b = 21 + l. What is the greatest common factor of b and 36?
4
Let a be (-24)/(-14) + 42/147. Suppose -3*x - a*x = 5*v - 90, -3*x + 9 = 0. What is the greatest common divisor of 60 and v?
15
Suppose 17*j = 4*x + 18*j - 238, 0 = 2*x - 4*j - 128. What is the highest common divisor of 30 and x?
30
Let u be 2 + (51 - (3 + (-8)/4)). What is the greatest common factor of 234 and u?
26
Suppose 7*n - 46 = -s + 5*n, 2*s - 3*n = 120. Calculate the greatest common divisor of s and 216.
54
Let x = -7 + 1. Let c = x - -8. Suppose c*v + 4 = 3*v. What is the highest common divisor of v and 44?
4
Let g be -5 - ((-16)/(-2) + 7826/(-14)). Calculate the greatest common divisor of g and 147.
21
Let b(o) be the first derivative of -o**4 - 4*o**3/3 - 2*o**2 - 2*o - 10. Let x be b(-2). What is the highest common factor of x and 110?
22
Let z be ((-2)/(-2))/(1/27). Suppose 22*a - 2646 = 8*a. Calculate the greatest common factor of z and a.
27
Suppose 123*t - 118*t - 2375 = 0. Calculate the highest common divisor of t and 380.
95
Let j be (-8)/36 - (0 + -2 + (-71995)/1071). Let h be (-163)/(-7) - (-2)/(-7). Calculate the greatest common factor of h and j.
23
Suppose 7*p - 774 = 689. What is the highest common divisor of p and 57?
19
Suppose -513*m + 505*m = -104. Let t be (-1)/(1/8) + 2. Let x(d) = d**2 + 5*d + 7. Let z be x(t). Calculate the greatest common divisor of m and z.
13
Suppose -285 = -5*v + 5*h, 0 = -4*v - 2*h - 3*h + 201. Let o = 30 - 10. Suppose y - t - o = t, -t = -4*y + 73. Calculate the highest common divisor of y and v.
18
Suppose -3 = 8*c - 7*c. Let j be (18/(-4))/(-2*c/(-8)). Calculate the greatest common divisor of j and 27.
3
Let h = 16 - 0. Suppose -128 = 508*a - 509*a. Calculate the greatest common factor of h and a.
16
Let p(n) = 12*n**2 + 25*n + 192. Let q be p(-12). What is the highest common divisor of 54 and q?
54
Suppose -15*m - 14 = -224. Calculate the highest common divisor of m and 6.
2
Let w(z) = -z**2 + 14*z - 6. Let r = 44 + -34. Let i be w(r). Let n(x) = x**2 + 8*x + 1. Let f be n(6). What is the highest common factor of f and i?
17
Let x = -374 + 398. What is the greatest common divisor of x and 152?
8
Suppose -16*p + 698 + 1478 = 0. Calculate the highest common factor of 51 and p.
17
Suppose -7*m + 5*m = -2. Suppose -6*t = -55 + m. Let s be 4/(-14) + 1012/14. Calculate the highest common factor of t and s.
9
Suppose 116 = 4*n - 44. Let j = 88 + -15. Suppose 3*s + 23 = m, 10 = -3*m + 3*s + j. What is the highest common divisor of m and n?
20
Suppose -6 = -j + 4*j. Let w be (-1)/((-35)/(-18) + j). Suppose -12*a - 48 = -16*a. Calculate the greatest common divisor of a and w.
6
Let i be (-7)/((-3 + (5 - 3))/(-1)). Let b be (20/4)/(i/(-28)). Let c = -285 + 425. What is the greatest common divisor of c and b?
20
Suppose -16*t + 363 = -309. What is the greatest common factor of t and 322?
14
Let u be (-8 - (-1 - 30)) + -6 + 5. Calculate the greatest common divisor of u and 1925.
11
Let l = -57 - -105. Suppose -a - w + l = 0, 5*a - 6*w + w = 210. Let r(k) = -k + 2. Let j be r(-3). Calculate the greatest common factor of j and a.
5
Suppose -366 = 3*a - 6*a. Let j = -104 + a. Let y(n) = -n**3 + 5*n**2 + 6*n - 4. Let d be y(4). What is the greatest common factor of j and d?
18
Suppose -252*p + 636 = -240*p. What is the greatest common factor of 795 and p?
53
Let f = -2306 - -2318. Let l be (-2)/(-6) + (-22)/(-6). Suppose l*h + 2*b = 138, 7 = 5*h - 3*b - 182. Calculate the highest common divisor of f and h.
12
Suppose -4*s + 4*k + 3 = -1, -5*s - 4*k = -5. Let a be ((-4)/(-2))/(3/15). Let o = s + a. Calculate the highest common factor of 88 and o.
11
Let h(s) = 7*s**2 + 4. Let y be h(6). Let l = -2307 + 2339. What is the greatest common factor of y and l?
32
Suppose -3*c + 459 = -51. Let p = 310 - c. What is the highest common factor of p and 56?
28
Suppose 339*f - 216 = 335*f. What is the greatest common factor of 180 and f?
18
Let n(d) = 10*d - 10. Let q be -2*(28/(-8) - 1). Let f be n(q). What is the highest common factor of f and 16?
16
Suppose 411 + 37 = 14*q. What is the highest common divisor of q and 160?
32
Let i(h) = 19*h**2 + 26*h + 23. Let p be i(-6). Calculate the greatest common factor of p and 29.
29
Suppose 0 = -30*m + 27*m + 588. What is the highest common divisor of 56 and m?
28
Suppose -8*w - 118 + 646 = 0. Suppose 25*k = 22*k + w. Calculate the greatest common factor of 110 and k.
22
Let v be ((-84)/(-48))/((-1)/4). Let y = v - -34. What is the gr